nd t?
8
Let v be 62 - -1 - (16 + -7). What is the highest common divisor of 135 and v?
27
Suppose 8*o = -19 + 91. Let j be 33/(-2)*(-2 + -4). What is the greatest common divisor of o and j?
9
Suppose 9*r - 7*r + 4 = 0. Let z be 6/(-2*r/12). Let n be 168/z*(-9)/(-2). What is the highest common factor of n and 21?
21
Let r be (-2 + 3)*-1*-95. Let b(x) = 2*x**2 - 8*x + 11. Let g be b(3). Suppose -g*w + 520 = r. Calculate the highest common factor of w and 34.
17
Let m(p) = -p**2 - 8*p + 21. Let z be m(-7). What is the highest common factor of z and 196?
28
Let d(x) be the second derivative of -x**3/6 - 3*x**2 - 5*x. Let t be d(-14). Calculate the greatest common factor of 24 and t.
8
Let q(w) = -w**2 - 3*w + 4. Let z be q(-4). Let x be -1 + z*(-2)/6. Let r be (-7 + x)*(-21)/6. Calculate the greatest common divisor of 56 and r.
28
Suppose 0 = -o - 325 + 670. Calculate the highest common factor of o and 115.
115
Let f(k) = 22*k - 33. Let t(p) = 22*p - 34. Let j(l) = 6*f(l) - 5*t(l). Let m be j(3). Calculate the greatest common factor of 190 and m.
38
Let c be (-3 - (32 - 5))*(1 - 163). Let a be 1/4 + (c/16)/9. Calculate the highest common divisor of a and 102.
34
Let v(t) = 54*t**2 + 5*t + 6. Let f be v(-1). Calculate the highest common factor of f and 165.
55
Let v = 6 - -4. Suppose 14*n = 502 - 152. What is the highest common divisor of n and v?
5
Suppose 0 = -10*o + 22*o - 180. Let i = 228 - 123. What is the highest common factor of o and i?
15
Let m(d) = d**3 + 10*d**2 - 31*d - 155. Let z be m(-6). What is the highest common divisor of z and 50?
25
Suppose h - 11 = -2*a, -2*h + 68 = 2*h + 2*a. Let r = 53 + h. Let f be ((-20)/6)/((-8)/r). Calculate the highest common divisor of f and 20.
10
Let f = -32 - -34. Suppose o - 6 = f. What is the greatest common divisor of 20 and o?
4
Let g = -436 - -474. Calculate the highest common divisor of g and 95.
19
Let c(i) = i**2 + i - 4. Let m be c(4). Let y = 206 - 590. Let v be (-3)/(9/y) + 0. Calculate the highest common factor of m and v.
16
Suppose -v - 6 = g, -4*v + 4*g + g = 15. Let h = 10 + v. Let p = 19 - 18. Calculate the highest common factor of p and h.
1
Let n(c) = -15 + 6 + 6*c + 7*c + 2*c. Let h be n(4). Calculate the greatest common divisor of 17 and h.
17
Suppose -4*g + 5*g = 0. Let t(b) = -2*b**3 - 4*b**2 - b + 2. Let c be t(-2). Suppose -c*v - v + 55 = g. Calculate the greatest common divisor of v and 55.
11
Suppose 5*l = -4*r + 751 - 143, -5*r = 3*l - 370. What is the greatest common divisor of 70 and l?
10
Let y = -348 + 350. What is the highest common divisor of y and 142?
2
Let v be -4*91/(-42)*3. What is the greatest common divisor of v and 195?
13
Let p = -17 - -19. Suppose -3*h = 2*h - p*y - 18, 10 = -h - 3*y. Let d be (30/h - 0)*1. Calculate the highest common factor of d and 15.
15
Suppose 0 = -3*y - 3*o + 21, -3*y - 4*o = -y - 6. Let u(z) = 2*z**2 + 12*z + 1. Let q be u(-9). What is the greatest common divisor of y and q?
11
Let l(c) = -7*c + 2. Let g(d) = 34*d - 9. Let x(u) = 2*g(u) + 11*l(u). Let v be x(-3). Suppose 2*s - v = 45. What is the greatest common divisor of s and 19?
19
Let o = -31 + 34. What is the greatest common factor of 24 and o?
3
Suppose 428 = k + 348. What is the greatest common divisor of k and 3760?
80
Suppose 3 - 52 = -7*s. Suppose 3*x - s*x + 1152 = 0. What is the greatest common factor of x and 36?
36
Let j be 2*-1 + -3 + 5. Let s be (-229)/(-1) + j + 2. Suppose 0 = 21*l - 18*l - s. What is the greatest common factor of l and 7?
7
Let r = -6 + 6. Let q(y) = y**2 - y + 56. Let m be q(r). What is the greatest common factor of 84 and m?
28
Let n = -61 + 85. Let r be 10872/684 - (2/(-19) + 0). What is the highest common divisor of r and n?
8
Suppose 5*q + 12*u - 445 = 7*u, 3*u = -4*q + 357. Let h be ((-2)/(-4))/((-2)/164). Let f = -5 - h. Calculate the highest common factor of f and q.
18
Let y(f) = f**2 + 3*f. Let v be (6/(-4))/((-6)/(-16)). Let i be y(v). Let z(s) = 4*s**2 - s + 5. Let d be z(i). Calculate the highest common factor of 26 and d.
13
Let t = 50 - 21. What is the highest common factor of t and 493?
29
Suppose -17 = -2*j - 3. Let d = 21 - j. Suppose 4*h = -n + 58, 2*n + 3*h - 7 = 124. Calculate the highest common divisor of n and d.
14
Let l be 5*1 + 0 + -2. Let n = 146 - 146. Suppose 106 = 2*q - 2*c, -l*q + 143 = -n*q + 5*c. What is the highest common factor of q and 34?
17
Let y = 1278 - 1197. Calculate the greatest common factor of 2592 and y.
81
Let d be (6/2 + 2 + -13)*-4. Suppose -p - 4*h = -d - 14, -112 = -3*p + h. Calculate the greatest common factor of p and 38.
38
Suppose 8*i - 3*i = 5*d - 405, -4*d + 3*i = -329. What is the greatest common factor of d and 301?
43
Suppose -4*c = 3*i - 133, 4*i - 2*c - 200 = -8. Calculate the highest common factor of i and 987.
47
Suppose -4*y - 8 = 72. Let q = -12 - y. Suppose 6 + q = 2*p. Calculate the highest common divisor of 56 and p.
7
Suppose -45 - 39 = -7*p. Suppose 0*f + 10 = 2*f. Suppose 0 = -f*a - 6 + 126. Calculate the highest common factor of p and a.
12
Suppose 3*g = -4*l + 5*g + 24, -4*l - 4*g = 0. Suppose -2*m - 3*j + 113 + 191 = 0, 0 = -3*m + l*j + 456. What is the highest common factor of m and 19?
19
Let j = -129 + 384. Let u = 472 - j. Calculate the highest common divisor of u and 31.
31
Let h = 521 + -180. What is the greatest common factor of 31 and h?
31
Let u = 386 - 381. Let x = -34 - -79. What is the greatest common factor of x and u?
5
Let c(r) = -r**3 + 11*r**2 - 9*r - 11. Suppose -2*s = -3*s + 10. Let m be c(s). Let o be (-33 + -1)/m + 0. Calculate the highest common factor of 51 and o.
17
Suppose 3*f - 15 - 27 = 0. Suppose -2*u = -154 - f. What is the greatest common divisor of 12 and u?
12
Let p(t) = 5*t + 4*t + 0*t + 10 - 5*t. Let u be p(10). Calculate the greatest common divisor of u and 20.
10
Let p(m) = -24*m - 9. Let o be p(-1). Calculate the greatest common factor of 25 and o.
5
Let t = 1878 - 1833. Calculate the greatest common divisor of t and 639.
9
Suppose -3*g = 2*g - 45. Let t(b) = b**2 + 4*b - 6. Let d be t(-6). Let f be (4 - d)*45/(-2). Calculate the greatest common divisor of g and f.
9
Let p be 11*1 - (-2 + 1). Let f(u) = 6*u**2 + 155*u - 155. Let z be f(1). Calculate the highest common divisor of z and p.
6
Let l(b) = 2*b**2 - 57*b + 1298. Let w be l(45). Calculate the highest common divisor of 23 and w.
23
Let f = -1439 - -1513. What is the highest common divisor of f and 2146?
74
Let f(n) = -n**3 - 2*n**2 + 5*n - 9. Let t be (-6)/27 + 104/(-18). Let x be f(t). Calculate the greatest common divisor of 21 and x.
21
Let m = -123 + 124. Let l(i) = -3*i + 2*i + 2*i**2 + 19*i**3 + 0*i. Let q be l(m). What is the highest common factor of 50 and q?
10
Let p = -1274 + 1589. Calculate the greatest common divisor of p and 245.
35
Let j(p) = -p**3 + 6*p**2 + 19*p - 9. Let l be j(8). Calculate the greatest common factor of l and 135.
15
Let m be (36/(-30))/((-1)/5). Suppose u - 480 = -0*u. Suppose u = -n + m*n. Calculate the highest common divisor of n and 16.
16
Let b be (-1 - -7)/((57/(-70))/(-19)). Calculate the greatest common divisor of b and 56.
28
Suppose 0 = -2*p - 0*t - 3*t + 32, t - 14 = -p. Let s be p/2*2 - -2. What is the highest common factor of 30 and s?
6
Suppose 0 = -17*h + 20*h - 60. Let l(g) = g**2 + 7*g - 4. Let a be l(-8). What is the greatest common factor of a and h?
4
Let h be 4/(-26) - (-14729)/169. Let g = 213 - h. Calculate the highest common divisor of 14 and g.
14
Suppose -10 = -3*i - 2*i. Suppose -i*p - 32 = -m - 7*p, 2 = -p. Let q = 16 + -10. Calculate the highest common factor of q and m.
6
Let a(y) = -y**2 + 6*y - 7. Let r be a(3). Suppose -2*f + f - 9 = -r*q, 2*f = -5*q. Suppose 0 = 2*h - h - 1. Calculate the greatest common factor of h and q.
1
Let o(u) = -u**3 - 2*u + 2. Let m be o(1). Let w be (-4 - 0)*m - 4. Suppose -5*q + 6 - 1 = w. Calculate the greatest common factor of q and 11.
1
Let q(w) = -w**3 - 2*w**2 + 41*w. Let v be q(5). Calculate the highest common divisor of v and 1710.
30
Let w be (-3)/8 - ((-2370)/48 + -8). What is the highest common factor of w and 209?
19
Let j = 342 - 320. Calculate the greatest common factor of 121 and j.
11
Let l = -52 - -252. What is the highest common factor of l and 75?
25
Let p = -92